[INFO] cloning repository https://github.com/Thinkofname/stylish_example
[INFO] running `Command { std: "git" "-c" "credential.helper=" "-c" "credential.helper=/workspace/cargo-home/bin/git-credential-null" "clone" "--bare" "https://github.com/Thinkofname/stylish_example" "/workspace/cache/git-repos/https%3A%2F%2Fgithub.com%2FThinkofname%2Fstylish_example", kill_on_drop: false }`
[INFO] [stderr] Cloning into bare repository '/workspace/cache/git-repos/https%3A%2F%2Fgithub.com%2FThinkofname%2Fstylish_example'...
[INFO] running `Command { std: "git" "rev-parse" "HEAD", kill_on_drop: false }`
[INFO] [stdout] 5d98a91792708934d81ca4ba12cefa29d544b1be
[INFO] checking Thinkofname/stylish_example against master#af3c6e733a40e671550e0f0f5aeecaa13772ba56 for pr-74989
[INFO] running `Command { std: "git" "clone" "/workspace/cache/git-repos/https%3A%2F%2Fgithub.com%2FThinkofname%2Fstylish_example" "/workspace/builds/worker-7/source", kill_on_drop: false }`
[INFO] [stderr] Cloning into '/workspace/builds/worker-7/source'...
[INFO] [stderr] done.
[INFO] validating manifest of git repo https://github.com/Thinkofname/stylish_example on toolchain af3c6e733a40e671550e0f0f5aeecaa13772ba56
[INFO] running `Command { std: "/workspace/cargo-home/bin/cargo" "+af3c6e733a40e671550e0f0f5aeecaa13772ba56" "read-manifest" "--manifest-path" "Cargo.toml", kill_on_drop: false }`
[INFO] started tweaking git repo https://github.com/Thinkofname/stylish_example
[INFO] finished tweaking git repo https://github.com/Thinkofname/stylish_example
[INFO] tweaked toml for git repo https://github.com/Thinkofname/stylish_example written to /workspace/builds/worker-7/source/Cargo.toml
[INFO] crate git repo https://github.com/Thinkofname/stylish_example already has a lockfile, it will not be regenerated
[INFO] running `Command { std: "/workspace/cargo-home/bin/cargo" "+af3c6e733a40e671550e0f0f5aeecaa13772ba56" "fetch" "--locked" "--manifest-path" "Cargo.toml", kill_on_drop: false }`
[INFO] [stderr]     Updating git repository `https://github.com/thinkofname/stylish`
[INFO] [stderr]     Updating git repository `https://github.com/servo/webrender`
[INFO] [stderr]     Blocking waiting for file lock on package cache
[INFO] [stderr]  Downloading crates ...
[INFO] [stderr]   Downloaded dwrote v0.4.0
[INFO] [stderr]   Downloaded app_units v0.5.0
[INFO] [stderr]   Downloaded core-text v6.1.0
[INFO] [stderr]   Downloaded plane-split v0.6.0
[INFO] [stderr]   Downloaded gamma-lut v0.2.0
[INFO] [stderr]   Downloaded cmake v0.1.24
[INFO] [stderr]   Downloaded gleam v0.4.7
[INFO] [stderr]   Downloaded euclid v0.15.1
[INFO] [stderr]   Downloaded freetype v0.2.0
[INFO] [stderr]   Downloaded combine v2.4.0
[INFO] running `Command { std: "docker" "create" "-v" "/var/lib/crater-agent-workspace/builds/worker-7/target:/opt/rustwide/target:rw,Z" "-v" "/var/lib/crater-agent-workspace/builds/worker-7/source:/opt/rustwide/workdir:ro,Z" "-v" "/var/lib/crater-agent-workspace/cargo-home:/opt/rustwide/cargo-home:ro,Z" "-v" "/var/lib/crater-agent-workspace/rustup-home:/opt/rustwide/rustup-home:ro,Z" "-e" "SOURCE_DIR=/opt/rustwide/workdir" "-e" "CARGO_TARGET_DIR=/opt/rustwide/target" "-e" "CARGO_HOME=/opt/rustwide/cargo-home" "-e" "RUSTUP_HOME=/opt/rustwide/rustup-home" "-w" "/opt/rustwide/workdir" "-m" "1610612736" "--user" "0:0" "--network" "none" "rustops/crates-build-env@sha256:d92eaeed33fa75130ca1ee6c8a01d1ffb62bac859dfdfb3450e3e5d1c0146529" "/opt/rustwide/cargo-home/bin/cargo" "+af3c6e733a40e671550e0f0f5aeecaa13772ba56" "metadata" "--no-deps" "--format-version=1", kill_on_drop: false }`
[INFO] [stderr] WARNING: Your kernel does not support swap limit capabilities or the cgroup is not mounted. Memory limited without swap.
[INFO] [stdout] 94af8daee3067e95496a013424daf64bafe3a4eaceac56ae5be8b6d9cf624b15
[INFO] running `Command { std: "docker" "start" "-a" "94af8daee3067e95496a013424daf64bafe3a4eaceac56ae5be8b6d9cf624b15", kill_on_drop: false }`
[INFO] running `Command { std: "docker" "inspect" "94af8daee3067e95496a013424daf64bafe3a4eaceac56ae5be8b6d9cf624b15", kill_on_drop: false }`
[INFO] running `Command { std: "docker" "rm" "-f" "94af8daee3067e95496a013424daf64bafe3a4eaceac56ae5be8b6d9cf624b15", kill_on_drop: false }`
[INFO] [stdout] 94af8daee3067e95496a013424daf64bafe3a4eaceac56ae5be8b6d9cf624b15
[INFO] running `Command { std: "docker" "create" "-v" "/var/lib/crater-agent-workspace/builds/worker-7/target:/opt/rustwide/target:rw,Z" "-v" "/var/lib/crater-agent-workspace/builds/worker-7/source:/opt/rustwide/workdir:ro,Z" "-v" "/var/lib/crater-agent-workspace/cargo-home:/opt/rustwide/cargo-home:ro,Z" "-v" "/var/lib/crater-agent-workspace/rustup-home:/opt/rustwide/rustup-home:ro,Z" "-e" "SOURCE_DIR=/opt/rustwide/workdir" "-e" "CARGO_TARGET_DIR=/opt/rustwide/target" "-e" "CARGO_INCREMENTAL=0" "-e" "RUST_BACKTRACE=full" "-e" "RUSTFLAGS=--cap-lints=forbid" "-e" "CARGO_HOME=/opt/rustwide/cargo-home" "-e" "RUSTUP_HOME=/opt/rustwide/rustup-home" "-w" "/opt/rustwide/workdir" "-m" "1610612736" "--user" "0:0" "--network" "none" "rustops/crates-build-env@sha256:d92eaeed33fa75130ca1ee6c8a01d1ffb62bac859dfdfb3450e3e5d1c0146529" "/opt/rustwide/cargo-home/bin/cargo" "+af3c6e733a40e671550e0f0f5aeecaa13772ba56" "check" "--frozen" "--all" "--all-targets" "--message-format=json", kill_on_drop: false }`
[INFO] [stdout] a3771bce3fa5fdcd702edb869cc404812a24d05164824e99be1052465a87750c
[INFO] [stderr] WARNING: Your kernel does not support swap limit capabilities or the cgroup is not mounted. Memory limited without swap.
[INFO] running `Command { std: "docker" "start" "-a" "a3771bce3fa5fdcd702edb869cc404812a24d05164824e99be1052465a87750c", kill_on_drop: false }`
[INFO] [stderr]     Checking libc v0.2.26
[INFO] [stderr]    Compiling gcc v0.3.51
[INFO] [stderr]    Compiling heapsize v0.4.1
[INFO] [stderr]     Checking rustc-demangle v0.1.4
[INFO] [stderr]     Checking ascii v0.7.1
[INFO] [stderr]     Checking fnv v1.0.5
[INFO] [stderr]     Checking cfg-if v0.1.2
[INFO] [stderr]    Compiling webrender v0.48.0 (https://github.com/servo/webrender?rev=fb85cb5363d97e11a2204fd8f0e7ebd28f6910e4#fb85cb53)
[INFO] [stderr]    Compiling sdl2-sys v0.30.0
[INFO] [stderr]     Checking binary-space-partition v0.1.2
[INFO] [stderr]     Checking thread_profiler v0.1.3
[INFO] [stderr]    Compiling synom v0.11.3
[INFO] [stderr]     Checking gamma-lut v0.2.0
[INFO] [stderr]    Compiling gl_generator v0.5.5
[INFO] [stderr]     Checking num v0.1.40
[INFO] [stderr]    Compiling syn v0.11.11
[INFO] [stderr]     Checking combine v2.4.0
[INFO] [stderr]    Compiling cmake v0.1.24
[INFO] [stderr]     Checking rand v0.3.15
[INFO] [stderr]     Checking num_cpus v1.6.2
[INFO] [stderr]     Checking time v0.1.38
[INFO] [stderr]    Compiling backtrace-sys v0.1.11
[INFO] [stderr]    Compiling servo-freetype-sys v4.0.3
[INFO] [stderr]     Checking chrono v0.4.0
[INFO] [stderr]     Checking rayon-core v1.2.1
[INFO] [stderr]     Checking sdl2 v0.30.0
[INFO] [stderr]     Checking freetype v0.2.0
[INFO] [stderr]    Compiling gleam v0.4.7
[INFO] [stderr]    Compiling serde_derive_internals v0.15.1
[INFO] [stderr]     Checking rayon v0.8.2
[INFO] [stderr]     Checking stylish_syntax v0.1.0 (https://github.com/thinkofname/stylish?rev=9476799958f9fbf000dab8fccd87f48e3bb9ae35#94767999)
[INFO] [stderr]    Compiling serde_derive v1.0.10
[INFO] [stderr]     Checking serde v1.0.10
[INFO] [stderr]     Checking backtrace v0.3.2
[INFO] [stderr]     Checking error-chain v0.10.0
[INFO] [stderr]     Checking stylish v0.1.0 (https://github.com/thinkofname/stylish?rev=9476799958f9fbf000dab8fccd87f48e3bb9ae35#94767999)
[INFO] [stderr]     Checking euclid v0.15.1
[INFO] [stderr]     Checking bincode v0.8.0
[INFO] [stderr]     Checking app_units v0.5.0
[INFO] [stdout] error[E0658]: use of unstable library feature 'clamp'
[INFO] [stdout]    --> /opt/rustwide/cargo-home/registry/src/github.com-1ecc6299db9ec823/app_units-0.5.0/src/app_unit.rs:192:22
[INFO] [stdout]     |
[INFO] [stdout] 192 |         *self = self.clamp()
[INFO] [stdout]     |                      ^^^^^
[INFO] [stdout]     |
[INFO] [stdout]     = note: see issue #44095 <https://github.com/rust-lang/rust/issues/44095> for more information
[INFO] [stdout]     = help: add `#![feature(clamp)]` to the crate attributes to enable
[INFO] [stdout] 
[INFO] [stdout] 
[INFO] [stdout] error[E0061]: this function takes 2 arguments but 0 arguments were supplied
[INFO] [stdout]    --> /opt/rustwide/cargo-home/registry/src/github.com-1ecc6299db9ec823/app_units-0.5.0/src/app_unit.rs:192:22
[INFO] [stdout]     |
[INFO] [stdout] 192 |         *self = self.clamp()
[INFO] [stdout]     |                      ^^^^^- supplied 0 arguments
[INFO] [stdout]     |                      |
[INFO] [stdout]     |                      expected 2 arguments
[INFO] [stdout] 
[INFO] [stdout] 
[INFO] [stdout] error[E0308]: mismatched types
[INFO] [stdout]    --> /opt/rustwide/cargo-home/registry/src/github.com-1ecc6299db9ec823/app_units-0.5.0/src/app_unit.rs:192:17
[INFO] [stdout]     |
[INFO] [stdout] 192 |         *self = self.clamp()
[INFO] [stdout]     |                 ^^^^^^^^^^^^
[INFO] [stdout]     |                 |
[INFO] [stdout]     |                 expected struct `Au`, found `&mut Au`
[INFO] [stdout]     |                 help: consider dereferencing the borrow: `*self.clamp()`
[INFO] [stdout] 
[INFO] [stdout] 
[INFO] [stdout] error: aborting due to 3 previous errors
[INFO] [stdout] 
[INFO] [stdout] 
[INFO] [stdout] Some errors have detailed explanations: E0061, E0308, E0658.
[INFO] [stdout] 
[INFO] [stdout] For more information about an error, try `rustc --explain E0061`.
[INFO] [stdout] 
[INFO] [stderr] error: could not compile `app_units`.
[INFO] [stderr] 
[INFO] [stderr] To learn more, run the command again with --verbose.
[INFO] [stderr] warning: build failed, waiting for other jobs to finish...
[INFO] [stderr] error: build failed
[INFO] running `Command { std: "docker" "inspect" "a3771bce3fa5fdcd702edb869cc404812a24d05164824e99be1052465a87750c", kill_on_drop: false }`
[INFO] running `Command { std: "docker" "rm" "-f" "a3771bce3fa5fdcd702edb869cc404812a24d05164824e99be1052465a87750c", kill_on_drop: false }`
[INFO] [stdout] a3771bce3fa5fdcd702edb869cc404812a24d05164824e99be1052465a87750c
